rt -431011 (base 6) to base 16.
-898f
Convert 100320 (base 4) to base 2.
10000111000
Convert -4da0 (base 15) to base 11.
-114a9
Convert 3022 (base 8) to base 7.
4350
-22214 (base 6) to base 10
-3106
-15141 (base 6) to base 10
-2437
What is 6220 (base 7) in base 6?
14014
10200330 (base 4) to base 11
12991
32012033 (base 4) to base 16
e18f
Convert -1fd1 (base 16) to base 2.
-1111111010001
64 (base 15) to base 13
73
What is -5771 (base 11) in base 14?
-2a96
What is -6088 (base 10) in base 6?
-44104
-2501 (base 9) to base 14
-972
Convert a61 (base 14) to base 5.
31140
Convert 21461 (base 7) to base 2.
1010100001000
Convert -1001001110 (base 2) to base 3.
-210212
What is 592 (base 13) in base 5?
12324
Convert -13310 (base 5) to base 11.
-8a2
What is -4109 (base 11) in base 16?
-154e
41101 (base 6) to base 12
3191
Convert 4030 (base 5) to base 14.
28b
Convert 1233 (base 6) to base 3.
102110
What is 6170 (base 11) in base 12?
48a0
-2334 (base 15) to base 3
-101020211
460 (base 14) to base 4
31210
Convert 1230 (base 6) to base 12.
216
Convert 12932 (base 10) to base 4.
3022010
Convert -1112404 (base 5) to base 3.
-1000001201
Convert -1350 (base 6) to base 2.
-101100010
Convert -3486 (base 10) to base 9.
-4703
Convert 200201 (base 3) to base 15.
23a
-2403 (base 11) to base 14
-120d
What is 72d (base 16) in base 9?
2461
Convert 1cb4 (base 13) to base 11.
3315
Convert -2410 (base 12) to base 3.
-12112210
Convert 1a34 (base 11) to base 4.
220102
-111004 (base 5) to base 6
-25543
Convert c8d (base 14) to base 5.
34402
What is -101002210 (base 3) in base 14?
-2981
What is -486 (base 13) in base 10?
-786
Convert 1000210 (base 4) to base 9.
5601
What is -238 (base 10) in base 12?
-17a
-3971 (base 10) to base 13
-1a66
Convert 149b (base 15) to base 3.
20001202
What is -132003 (base 5) in base 14?
-1cb3
Convert 11255 (base 6) to base 10.
1619
What is 1a61 (base 14) in base 12?
2931
What is -3744 (base 8) in base 15?
-8ea
What is 1838 (base 10) in base 3?
2112002
Convert -3133100 (base 5) to base 8.
-146063
-230150 (base 7) to base 10
-40901
What is -51550 (base 6) in base 2?
-1101011111010
4505 (base 6) to base 4
100121
What is -29948 (base 12) in base 14?
-173ba
-29b (base 13) to base 4
-13102
1121221 (base 3) to base 10
1186
3522 (base 8) to base 15
84e
-149 (base 16) to base 7
-650
What is 1046 (base 14) in base 2?
101011110110
-7c2 (base 13) to base 6
-10113
-5bb1 (base 15) to base 11
-13732
-105532 (base 6) to base 11
-6893
What is -23d0 (base 14) in base 8?
-14162
-309 (base 10) to base 9
-373
-4222 (base 7) to base 11
-1131
23 (base 9) to base 15
16
Convert 12202120 (base 3) to base 10.
4200
103100 (base 4) to base 14
640
Convert -6113 (base 11) to base 10.
-8121
Convert -35440 (base 6) to base 13.
-2451
What is -1316 (base 12) in base 7?
-6231
3a3 (base 16) to base 8
1643
What is 170 (base 15) in base 3?
110020
Convert 11700 (base 12) to base 16.
5bb0
What is -33504 (base 10) in base 12?
-17480
What is 201 (base 16) in base 14?
289
What is 1432 (base 5) in base 9?
288
What is 1a2 (base 11) in base 15?
108
What is -12653 (base 8) in base 13?
-26a9
What is -132023 (base 4) in base 3?
-2122112
What is 3636 (base 7) in base 4?
111012
Convert 4206 (base 7) to base 3.
2000200
1147 (base 14) to base 15
d53
4343 (base 6) to base 13
5bb
What is 30101 (base 4) in base 2?
1100010001
Convert 13132 (base 7) to base 11.
26a4
What is 1277 (base 10) in base 14?
673
-10960 (base 10) to base 4
-2223100
Convert 11024 (base 6) to base 5.
22103
What is -2939 (base 10) in base 12?
-184b
What is -1433 (base 16) in base 13?
-247a
What is -3855 (base 10) in base 6?
-25503
What is 4662 (base 8) in base 3?
10101221
Convert 12101 (base 3) to base 6.
401
Convert -1083 (base 15) to base 16.
-daa
473 (base 8) to base 11
267
d4 (base 16) to base 10
212
Convert 21110210 (base 3) to base 16.
1548
Convert -6455 (base 8) to base 5.
-101443
What is 441401 (base 5) in base 9?
22787
Convert -16b1 (base 14) to base 6.
-30511
What is -2221 (base 6) in base 8?
-1005
Convert -1100220 (base 3) to base 16.
-3e4
What is -302 (base 9) in base 12?
-185
What is 16 (base 13) in base 7?
25
What is 1001101001 (base 2) in base 5?
4432
What is 79dc (base 16) in base 10?
31196
What is 15038 (base 15) in base 12?
33115
What is -48d (base 14) in base 11?
-757
310311 (base 4) to base 11
25a4
52261 (base 7) to base 11
9706
What is 15dd (base 15) in base 13?
21b2
-36771 (base 8) to base 5
-1001430
Convert -1576 (base 9) to base 10.
-1203
What is -1303 (base 8) in base 3?
-222012
Convert -3534 (base 7) to base 5.
-20144
603 (base 15) to base 3
1212010
What is 25a2 (base 11) in base 14?
1335
What is -1461 (base 14) in base 15?
-110d
-134 (base 13) to base 7
-422
Convert -22130 (base 4) to base 11.
-558
-11000100111 (base 2) to base 16
-627
What is 204 (base 6) in base 5?
301
What is 87a (base 14) in base 15?
76b
Convert -1bd (base 14) to base 6.
-1403
-32316 (base 8) to base 9
-20480
What is -506 (base 8) in base 9?
-402
Convert -1010011000 (base 2) to base 15.
-2e4
Convert 3622 (base 8) to base 15.
893
-445 (base 15) to base 11
-7a8
Convert 8920 (base 10) to base 7.
35002
-33103323 (base 4) to base 16
-f4fb
What is 5da9 (base 14) in base 15?
4ce7
Convert -211 (base 10) to base 7.
-421
Convert 2212 (base 4) to base 12.
11a
What is 1834 (base 12) in base 15?
cea
Convert -1562 (base 13) to base 12.
-1982
-244 (base 9) to base 13
-127
Convert 2de8 (base 16) to base 7.
46156
Convert 636 (base 8) to base 2.
110011110
2ed (base 15) to base 13
3ca
9a13 (base 12) to base 2
100001001101111
What is -21652 (base 8) in base 16?
-23aa
46a (base 12) to base 7
1630
9e98 (base 16) to base 4
21322120
-1a88 (base 15) to base 9
-7802
What is -21430 (base 7) in base 3?
-21100121
Convert -230013 (base 4) to base 11.
-2137
What is -1532 (base 6) in base 8?
-640
262a (base 11) to base 5
102140
Convert 103551 (base 6) to base 15.
285a
-233233 (base 4) to base 11
-2328
Convert 21108 (base 9) to base 14.
511a
Convert 2054 (base 6) to base 16.
1d2
What is -300 (base 7) in base 13?
-b4
What is -4652 (base 7) in base 3?
-2100002
111242 (base 7) to base 11
13870
What is 20646 (base 8) in base 14?
31d4
Convert 5454 (base 7) to base 8.
3636
2792 (base 10) to base 9
3742
What is -10011010010101 (base 2) in base 8?
-23225
286 (base 10) to base 13
190
What is 4251 (base 7) in base 16?
5e2
What is -12066 (base 7) in base 3?
-11022010
Convert 62 (base 10) to base 7.
116
Convert -2574 (base 8) to base 16.
-57c
What is 111001001100001 (base 2) in base 15?
8a21
What is 200304 (base 6) in base 10?
15664
29b (base 16) to base 13
3c4
What is -21dd (base 16) in base 10?
-8669
-11000000001 (base 2) to base 16
-601
What is -3855 (base 9) in base 4?
-231011
Convert -4499 (base 11) to base 3.
-22010010
What is 6e16 (base 15) in base 2?
101101101111101
Convert -3443 (base 8) to base 3.
-2111200
What is -4722 (base 8) in base 10?
-2514
Convert 167 (base 15) to base 16.
142
Convert 136073 (base 8) to base 2.
1011110000111011
What is -15224 (base 6) in base 9?
-3337
What is 1022010202 (base 3) in base 12?
129a8
Convert -2331 (base 8) to base 11.
-a29
-62a8 (base 11) to base 7
-33222
What is -51b (base 16) in base 9?
-1712
Convert 28c (base 15) to base 7.
1461
Convert -14613 (base 7) to base 8.
-7755
What is 637 (base 12) in base 10?
907
2873 (base 10) to base 16
b39
What is -3111 (base 5) in base 15?
-1c1
Convert 2bb (base 16) to base 8.
1273
Convert -200412 (base 6) to base 13.
-71c0
1111022022 (base 3) to base 16
72c8
-103 (base 14) to base 7
-403
What is -2117 (base 8) in base 5?
-13403
280 (base 16) to base 9
781
534 (base 8) to base 7
1005
10113 (base 5) to base 16
292
58c4 (base 13) to base 14
47a9
-d37 (base 15) to base 10
-2977
-307 (base 15) to base 14
-36a
Convert 2142 (base 5) to base 4.
10221
What is -101111100 (base 3) in base 4?
-1313202
Convert a2 (base 13) to base 4.
2010
Convert -4208 (base 9) to base 6.
-22142
What is 14355 (base 9) in base 4?
2120222
What is -2070 (base 8) in base 13?
-651
What is 1311 (base 13) in base 6?
20330
35101 (base 6) to base 14
1b77
What is -1a32 (base 11) in base 4?
-220100
10101 (base 2) to base 7
30
Convert -1201201102 (base 3) to base 4.
-20110022
What is 142244 (base 6) in base 4?
3102310
Convert -3465 (base 9